tor of 2343?
True
Does 9 divide 37094?
False
Does 295 divide 121087?
False
Is 17453 a multiple of 45?
False
Is 35 a factor of 25346?
False
Is 2745 a multiple of 9?
True
Is 2 a factor of 137?
False
Is 31 a factor of 2562?
False
Does 9 divide 1120?
False
Is 8303 a multiple of 76?
False
Is 600 a multiple of 60?
True
Does 24 divide 709?
False
Does 16 divide 2842?
False
Does 4 divide 417?
False
Is 5535 a multiple of 5?
True
Does 46 divide 1748?
True
Is 23 a factor of 22241?
True
Does 20 divide 5258?
False
Is 39 a factor of 21099?
True
Is 4 a factor of 16?
True
Is 15 a factor of 315?
True
Is 1440 a multiple of 9?
True
Is 59677 a multiple of 19?
False
Does 24 divide 39078?
False
Is 14 a factor of 84857?
False
Is 575 a multiple of 115?
True
Is 4463 a multiple of 39?
False
Does 26 divide 442?
True
Does 67 divide 1345?
False
Does 7 divide 11185?
False
Is 5124 a multiple of 6?
True
Does 38 divide 2394?
True
Does 2 divide 7?
False
Is 600 a multiple of 15?
True
Does 110 divide 1430?
True
Is 3 a factor of 402?
True
Is 1274 a multiple of 7?
True
Does 101 divide 64803?
False
Is 12 a factor of 2466?
False
Does 6 divide 21528?
True
Does 45 divide 855?
True
Is 84 a factor of 1764?
True
Is 32 a factor of 2443?
False
Does 21 divide 1847?
False
Is 376 a multiple of 3?
False
Is 28 a factor of 4004?
True
Is 3720 a multiple of 155?
True
Does 12 divide 3744?
True
Is 23 a factor of 368?
True
Does 6 divide 1611?
False
Does 20 divide 416?
False
Is 22066 a multiple of 187?
True
Does 4 divide 825?
False
Does 87 divide 435?
True
Does 99 divide 17323?
False
Is 83384 a multiple of 65?
False
Does 27 divide 5580?
False
Is 12054 a multiple of 14?
True
Is 503 a multiple of 5?
False
Does 4 divide 6412?
True
Does 22 divide 40414?
True
Is 792 a multiple of 8?
True
Is 4554 a multiple of 18?
True
Is 163 a factor of 48160?
False
Is 836 a multiple of 44?
True
Does 22 divide 92136?
True
Does 11 divide 15356?
True
Does 8 divide 384?
True
Is 17 a factor of 520?
False
Is 1127 a multiple of 37?
False
Is 15 a factor of 123919?
False
Is 2615 a multiple of 32?
False
Is 6790 a multiple of 14?
True
Is 9810 a multiple of 21?
False
Is 11 a factor of 1040?
False
Is 16 a factor of 172?
False
Is 9291 a multiple of 57?
True
Is 758 a multiple of 9?
False
Is 1410 a multiple of 35?
False
Is 12 a factor of 36?
True
Does 6 divide 510?
True
Is 26 a factor of 1997?
False
Is 8 a factor of 12615?
False
Is 65 a factor of 1170?
True
Is 8 a factor of 420?
False
Does 41 divide 22058?
True
Does 12 divide 949?
False
Is 17 a factor of 4245?
False
Is 2 a factor of 62?
True
Is 1766 a multiple of 52?
False
Does 19 divide 95?
True
Does 10 divide 70?
True
Does 13 divide 927?
False
Is 17 a factor of 6392?
True
Is 3360 a multiple of 50?
False
Is 17 a factor of 6097?
False
Is 43234 a multiple of 9?
False
Is 8048 a multiple of 14?
False
Is 134 a factor of 27604?
True
Does 2 divide 28?
True
Does 9 divide 6266?
False
Is 17 a factor of 1411?
True
Does 55 divide 16795?
False
Is 95 a factor of 6745?
True
Is 104644 a multiple of 134?
False
Is 57680 a multiple of 35?
True
Is 15 a factor of 3199?
False
Is 38324 a multiple of 57?
False
Is 1431 a multiple of 7?
False
Is 5361 a multiple of 11?
False
Does 101 divide 23230?
True
Is 11716 a multiple of 31?
False
Does 24 divide 37481?
False
Is 6 a factor of 30338?
False
Is 3 a factor of 765?
True
Is 1550 a multiple of 62?
True
Is 12 a factor of 1258?
False
Is 47 a factor of 9844?
False
Does 136 divide 1099?
False
Is 63 a factor of 2384?
False
Does 11 divide 53?
False
Does 44 divide 10296?
True
Is 174 a factor of 14268?
True
Is 88 a factor of 6248?
True
Does 24 divide 360?
True
Is 11 a factor of 429?
True
Is 102 a multiple of 17?
True
Does 58 divide 232?
True
Is 80 a factor of 5569?
False
Is 39 a factor of 624?
True
Does 6 divide 1851?
False
Is 7040 a multiple of 44?
True
Is 976 a multiple of 4?
True
Is 277 a multiple of 17?
False
Is 19838 a multiple of 182?
True
Is 4 a factor of 8428?
True
Is 5 a factor of 245?
True
Is 2881 a multiple of 32?
False
Does 47 divide 694?
False
Is 9909 a multiple of 3?
True
Is 6099 a multiple of 57?
True
Is 13 a factor of 871?
True
Is 7 a factor of 60?
False
Is 504 a multiple of 8?
True
Does 29 divide 8149?
True
Does 34 divide 38431?
False
Is 223 a factor of 80006?
False
Does 23 divide 1633?
True
Is 3 a factor of 9210?
True
Does 19 divide 7619?
True
Is 405 a multiple of 9?
True
Is 2984 a multiple of 2?
True
Does 32 divide 2112?
True
Is 870 a multiple of 20?
False
Is 6380 a multiple of 23?
False
Is 14 a factor of 6720?
True
Does 88 divide 2464?
True
Is 11760 a multiple of 28?
True
Does 3 divide 804?
True
Does 9 divide 3473?
False
Is 31 a factor of 77872?
True
Is 27 a factor of 1944?
True
Does 63 divide 4053?
False
Is 10326 a multiple of 32?
False
Is 30034 a multiple of 183?
False
Does 38 divide 8056?
True
Does 15 divide 7425?
True
Is 91 a factor of 37739?
False
Does 7 divide 245?
True
Does 9 divide 171?
True
Is 18204 a multiple of 82?
True
Is 24 a factor of 15240?
True
Does 41 divide 743?
False
Does 167 divide 38410?
True
Is 9 a factor of 4746?
False
Is 4536 a multiple of 226?
False
Does 6 divide 19868?
False
Is 227 a multiple of 12?
False
Is 14 a factor of 476?
True
Does 12 divide 2185?
False
Is 25227 a multiple of 3?
True
Is 1828 a multiple of 38?
False
Does 43 divide 2611?
False
Is 13 a factor of 826?
False
Is 53 a factor of 742?
True
Is 2883 a multiple of 27?
False
Does 2 divide 1526?
True
Does 31 divide 217?
True
Does 4 divide 607?
False
Is 3 a factor of 71?
False
Is 22 even?
True
Does 57 divide 22958?
False
Is 7 a factor of 898?
False
Is 9805 a multiple of 37?
True
Is 93 a factor of 1706?
False
Is 10624 a multiple of 69?
False
Is 14 a factor of 98?
True
Is 104 a factor of 122015?
False
Is 23309 a multiple of 85?
False
Does 9 divide 364?
False
Is 3216 a multiple of 6?
True
Is 28 a factor of 23570?
False
Is 7 a factor of 322?
True
Does 5 divide 30?
True
Is 10270 a multiple of 10?
True
Does 8 divide 2872?
True
Is 49248 a multiple of 54?
True
Does 97 divide 29176?
False
Is 15 a factor of 15?
True
Does 8 divide 1016?
True
Is 19260 a multiple of 107?
True
Is 9920 a multiple of 31?
True
Does 5 divide 898?
False
Does 40 divide 143886?
False
Is 41 a factor of 11765?
False
Is 12732 a multiple of 13?
False
Does 17 divide 4838?
False
Is 11 a factor of 23485?
True
Is 54 a factor of 1728?
True
Is 6571 a multiple of 26?
False
Is 23712 a multiple of 38?
True
Does 9 divide 2311?
False
Is 9 a multiple of 3?
True
Is 4 a factor of 6628?
True
Does 35 divide 175?
True
Does 11 divide 187?
True
Is 235 a multiple of 19?
False
Does 4 divide 736?
True
Does 16 divide 2451?
False
Is 48 a factor of 432?
True
Does 30 divide 108956?
False
Does 59 divide 944?
True
Does 63 divide 1991?
False
Is 815 a multiple of 163?
True
Does 14 divide 261?
False
Is 21 a factor of 1029?
True
Is 160 a factor of 48000?
True
Is 102554 a multiple of 94?
True
Is 269 a factor of 38198?
True
Is 13339 a multiple of 286?
False
Is 3 a factor of 946?
False
Does 5 divide 468?
False
Is 2 a factor of 12970?
True
Does 3 divide 544?
False
Is 95 a factor of 19095?
True
Does 42 divide 1638?
True
Is 11 a factor of 924?
True
Is 378 a multiple of 63?
True
Is 44 a factor of 4286?
False
Is 717 a multiple of 7?
False
Is 197 a multiple of 11?
False
Is 5040 a multiple of 56?
True
Is 23 a factor of 3772?
True
Is 997 a multiple of 19?
False
Is 20019 a multiple of 15?
False
Does 2 divide 86?
True
Does 35 divide 1750?
True
Is 944 a multiple of 59?
True
Does 15 divide 15075?
True
Is 88 a factor of 11975?
False
Is 37 a factor of 44973?
False
Does 17 divide 5100?
True
Does 7 divide 84?
True
Is 12329 a multiple of 172?
False
Is 39 a multiple of 8?
False
Does 10 divide 763?
False
Is 16 a factor of 3760?
True
Is 1020 a multiple of 2?
True
Is 15428 a multiple of 203?
True
Does 20 divide 120?
True
Is 15608 a multiple of 105?
False
Is 6648 a multiple of 18?
False
Is 13 a factor of 3094?
True
Does 26 divide 1820?
True
Does 2 divide 691?
False
Is 1817 a multiple of 12?
False
Is 1246 a multiple of 7?
True
Is 78 a factor of 5850?
True
Is 21 a factor of 5901?
True
Is 2129 a multiple of 7?
False
Is 105 a multiple of 7?
True
Is 1156 a multiple of 116?
False
Is 2905 a multiple of 35?
True
Is 2046 a multiple of 31?
True
Is 223 a multiple of 17?
False